 0*x**4 + 11/20*x**5. List the prime factors of z(1).
2, 5
Let t(x) = 2*x + 5. Let z be t(5). Suppose -4*n + l + 191 = -0, 0 = 4*n - 2*l - 190. Let g = n - z. What are the prime factors of g?
3, 11
Let c = -127 - -1184. What are the prime factors of c?
7, 151
Suppose 0 = 4*s - 22 - 6. Suppose v = s*v - 138. Let p = -19 + v. What are the prime factors of p?
2
Let r = 3694 + 189. What are the prime factors of r?
11, 353
Let w(g) be the first derivative of 5/2*g**2 + 4 + 1/3*g**3 - 3*g. What are the prime factors of w(4)?
3, 11
Suppose -103*r + 102*r + 10 = 0. Suppose 5*f - r*f + 455 = 0. List the prime factors of f.
7, 13
Let q(p) = -2*p**2 + 3*p + 2. Let b be q(-2). Let g = 12 + b. Suppose -90 = -5*j + 5*k, -4*j + k + 61 + 14 = g. List the prime factors of j.
19
Let p(y) = -y**2 - 11*y - 4. Let u(d) = -2*d**2 - 18*d - 6. Let q be u(-9). Let f be p(q). Let o = -6 + f. What are the prime factors of o?
2, 5
Suppose 5*g + 3*q = 2*q + 25, -5*g + 25 = -3*q. Let a be 13/2 - (-21)/(-42). Suppose -g*k + a*z = z - 255, -2*z - 157 = -3*k. What are the prime factors of k?
5, 11
Let n = -12 + -12. Let i(w) = w**3 + w**2 + w - 2. Let x be i(-2). Let o = x - n. List the prime factors of o.
2
Suppose 8*v - 10 = 3*v. Suppose 0 = -g + 2*j + 59, -v*g - g - j = -177. Suppose 215 = 4*z + g. What are the prime factors of z?
3, 13
Let q(j) = -j**2 + 7*j + 6. Let w be q(7). Let k be (-3)/(-4) - (-2358)/24. Suppose k = 9*x - w*x. What are the prime factors of x?
3, 11
Let a = -16 - -11. Let l(n) = n**3 + 4*n**2 - 7*n - 2. Let r be l(a). Suppose r*h = 5*h + 5*d + 66, 2*h - d = 44. What are the prime factors of h?
2, 11
Suppose 0 = 2*g - 36 + 20. Suppose 4*y - 3*v - 466 = 0, -3*y - g*v + 337 = -4*v. List the prime factors of y.
5, 23
Suppose 4*b + b = 5. Let d(t) = 2 - b - t**3 + 3 + t. What are the prime factors of d(0)?
2
Let g(l) = 8*l**2 + 9*l - 42. List the prime factors of g(9).
3, 229
Let p = -159 + 839. What are the prime factors of p?
2, 5, 17
Suppose -q + 24 = 3*a, -q - 2 = 5*a - 28. Let b = q + -16. Suppose -283 = -b*v + 12. What are the prime factors of v?
59
Let g be ((-32)/(-6))/(1/69). Suppose 0 = -6*d + 2*d + g. Suppose -2*t + 72 + 22 = 2*o, -4*o = 2*t - d. List the prime factors of t.
2, 3
Suppose 0 = 5*l + 2*w + 104, 3*l + 0*w = -w - 63. Let c(t) = -3*t**2 - 4*t + 1. Let y be c(-3). Let s = y - l. What are the prime factors of s?
2
Let x = 951 - 280. List the prime factors of x.
11, 61
Let b(z) be the third derivative of 0 + 1/30*z**5 + 0*z**4 + 0*z + 1/6*z**3 - 5*z**2. List the prime factors of b(3).
19
Suppose -3*f - 4*f - 14 = 0. Let t be 84/48 - f/8. Suppose 3*b - 139 - 74 = -4*s, -2*b - t = 0. What are the prime factors of s?
2, 3
Suppose -4*h - 16 = -96. List the prime factors of 180 + h/4 + -3.
2, 7, 13
Let j(m) = 23*m + 4. Suppose 63 = 6*g + 27. List the prime factors of j(g).
2, 71
Let t(v) = 50*v + 5. Let u be t(2). Let r(n) = n**2 + 3*n + 3. Let x be r(6). Let h = u - x. What are the prime factors of h?
2, 3
Let v = -1297 + 4681. What are the prime factors of v?
2, 3, 47
Suppose -12 = 2*m - 5*m. Let i be ((-6)/(-3))/(m/50). Suppose 3*j + i = 4*j. What are the prime factors of j?
5
Let v = -47 + 331. Suppose -9*z + 463 = -v. What are the prime factors of z?
83
Suppose 2*l - 148 = 6*l. Let j = 77 + l. Let g = j + -23. List the prime factors of g.
17
Let i = 796 - -140. Suppose -2*u + i = 4*u. What are the prime factors of u?
2, 3, 13
Suppose -35*w + 32*w = -15. Suppose 3*p = w*b + 45, 0*p - 2*b + 46 = 2*p. List the prime factors of p.
2, 5
Let d(c) = -c**2 + c - 1. Let z(y) = 3*y**2 - 5*y + 30. Let h(a) = 4*d(a) + z(a). Suppose x - 3*x = 4*x. List the prime factors of h(x).
2, 13
Let k = 472 - 106. List the prime factors of k.
2, 3, 61
Let i = -2 - -1. Let s(d) = -1 - 14*d**3 - d**2 + 0 + d + 4*d**3 + 2. What are the prime factors of s(i)?
3
Let a(f) = f**3 + 3*f**2 - 4*f - 10. Let r be a(-6). Let c = 65 - r. List the prime factors of c.
3, 53
Suppose 0 = 3*a + 2*a - 55. Suppose d = -1 + a. Let f = d + -4. What are the prime factors of f?
2, 3
Suppose -3*t + 2575 = d, -5*d - t + 8764 = -4139. List the prime factors of d.
29, 89
Let c be (-1 + -58)/(1 + -2). Let r = c + -15. Suppose r + 1 = 5*t. List the prime factors of t.
3
Let w(t) = 11*t**2 - 5*t + 9. Let l be w(-6). Suppose 2*c + 3*c = l. List the prime factors of c.
3, 29
Let a(y) = -5*y + 15. Let c be (136/51)/(2/(-6)). What are the prime factors of a(c)?
5, 11
Suppose h + 0*t = t + 44, 4*h + 3*t - 190 = 0. What are the prime factors of h?
2, 23
Suppose -3*b - 21 = -2*t + t, -b = 5. Suppose t*w + 7*w = 2210. List the prime factors of w.
2, 5, 17
Suppose 56*t - 3*h + 16582 = 61*t, 2*h = 5*t - 16562. List the prime factors of t.
2, 1657
Let c = 3882 + -2751. List the prime factors of c.
3, 13, 29
List the prime factors of ((-10)/(-2) - -414) + -3.
2, 13
Suppose -46*j + 38188 = -113290. List the prime factors of j.
37, 89
Let d(x) = -x - 7. Let w be d(-9). Suppose 3*l - 9 - 3 = 0. Suppose -w*m + l*m - 20 = 0. What are the prime factors of m?
2, 5
Suppose -5*c - 2485 = -5*s, -s + 5*s - 3*c = 1992. What are the prime factors of s?
3, 167
Let n(i) = 18*i - 29. Let o = 92 + -85. What are the prime factors of n(o)?
97
Let j be 11848/14 + 0 - 4/14. Suppose -13*k + j = -4*k. List the prime factors of k.
2, 47
Suppose -132 = -5*t + 73. Let k be -1 + -24 - (0 - -5) - -1. Let h = k + t. What are the prime factors of h?
2, 3
Let l = 50 + -164. List the prime factors of (-2)/(-19) - 13896/l.
2, 61
What are the prime factors of (-6 - (-88)/12)*(-417)/(-2)?
2, 139
Let r(i) = -i**3 - 6*i**2 + 4*i - 8. Let v be r(-8). Suppose -3*a + 38 + v = 0. Suppose -3*m + 45 = -a. List the prime factors of m.
29
Suppose -20*c + 1237 + 2943 = 0. List the prime factors of c.
11, 19
Let y = 456 + -252. Suppose y = -h + 5*h. List the prime factors of h.
3, 17
Suppose -2*y - 14 + 4 = -4*z, 0 = 5*z - 5*y - 20. Let d(b) = 23*b + 5*b + 1 + 12*b. What are the prime factors of d(z)?
41
Suppose -2*r - 4*z = -4370, -6*z + 5 = -7*z. What are the prime factors of r?
5, 439
Let p(v) be the third derivative of -v**4/24 + v**3/6 + 4*v**2. What are the prime factors of p(-2)?
3
Let w(i) = 146*i**2 - 8*i + 39. What are the prime factors of w(-6)?
3, 13, 137
Let x(g) = -4*g**3 - 2*g**2 + 6*g + 4. Let u be (-4 - (-10)/5) + -2. What are the prime factors of x(u)?
2, 3, 17
Let b(g) = 3*g - 12. Suppose v + 5*m = 5, 0 = 2*v - 3*m - m + 4. Suppose v = 2*d - 4 - 22. What are the prime factors of b(d)?
3
Let n(m) = -4*m**2 - 3*m + 2. Let r be n(1). Let d(o) = o**2 - o - 2. Let f be d(r). Let v = 53 - f. List the prime factors of v.
5
Let b(r) = r + 12. Let i be b(-9). Let x be 4/8*i*48. Suppose 2*q + 2*q = x. What are the prime factors of q?
2, 3
Let c be 8722/56 - (-3)/(-4). Let m = c - 101. What are the prime factors of m?
2, 3
What are the prime factors of (-5928)/(-3) + 4 - 3?
3, 659
Suppose -4*b - 2*w - 14 = 0, 0*b - 3*b + 5*w + 22 = 0. What are the prime factors of 4/10 + b/(20/(-2772))?
139
Let l(o) = 6*o**3 - 4*o**2 + 3*o - 3. Let t be l(3). Suppose -2*n + t = -2*y, 5*n - 62 = 4*y + 267. What are the prime factors of n?
5, 13
Let q(g) = -6*g**3 - 2*g**2 - 2*g - 2. Let s be q(-2). Let d = s - 13. What are the prime factors of d?
29
Suppose 0 = n + 4*s, -6 = -n - 2*s - 2. Suppose n*c + 1575 = 15*c. List the prime factors of c.
3, 5
Let u(p) = -25*p - 17. Let j be u(-13). Suppose -1048 + j = -4*b. List the prime factors of b.
5, 37
Let d(m) = -3*m + 2*m - m + 9*m**2. Let w be d(3). Let u = 110 - w. List the prime factors of u.
5, 7
Suppose 3*x = 5*o - 763, -5*o = -0*o - 5*x - 765. Let j = o - 80. List the prime factors of j.
2, 3
What are the prime factors of (-1 - -1 - -514)*7/14?
257
Suppose 2*x - 3*t = 159, 0 = 4*x - 2*t - 352 + 54. Let k = x - -41. What are the prime factors of k?
113
Let x = 7 - 9. Let m be 762/(-9) + x/6. Let u = 119 + m. What are the prime factors of u?
2, 17
Let i(u) = -u**3 + 3*u**2 - u + 5. Let x be i(3). Suppose 5*s - 2*d - 57 + 5 = 0, 0 = -s - x*d + 8. What are the prime factors of s?
2, 5
What are the prime factors of (1368/28)/((-9)/(-42))?
2, 3, 19
Let a = -2892 - -6433. What are the prime factors of a?
3541
Suppose 4*g + 0*g - 80 = 0. List the prime factors of (112/g)/(5/75).
2, 3, 7
Let p(q) = 2*q**3 - 6